Let y(k) = k**3 + 4*k**2 - 3*k - 6. Is y(n) a multiple of 5?
False
Let x = -14 - -26. Is 11 a factor of x/30 - 58/(-5)?
False
Suppose -l + 16 = 3*l. Suppose 5*i + z - 74 = 0, -l*i + i - 3*z + 54 = 0. Suppose 0*p = -5*p + 4*t + 17, -2*p + i = 2*t. Does 5 divide p?
True
Suppose -4*g + o = -9*g + 97, -3*g + 49 = -4*o. Let i = -11 + g. Does 8 divide i?
True
Suppose -l + 24 - 1 = 3*a, 5*l = 2*a + 183. Does 5 divide l?
True
Let s(w) = -w**3 - w**2 - w + 4. Let h be s(0). Suppose -2 = h*u - 5*b - 39, 5*u + 2*b = 38. Is 8 a factor of u?
True
Suppose -z - 3*z - 24 = 0. Let o(t) = -t**2 - 7*t - 3. Let a be o(z). Suppose 4*i - 22 = a*i. Does 11 divide i?
True
Suppose 3*v + k - 223 = -v, 5*v - k = 281. Does 14 divide v?
True
Is 15 a factor of (122/(-4))/(7/(-14))?
False
Suppose -2*w + 5*w - 12 = 0. Suppose 5*s = w*k - 72, 7*s = -3*k + 2*s + 54. Is k a multiple of 9?
True
Suppose -3*y - 8 = 4*b - 536, 0 = 5*b - y - 679. Is b a multiple of 26?
False
Does 11 divide 4/(-18) + 3887/117?
True
Let o = -15 - -3. Let z(b) = -b**3 - 12*b**2 - b - 7. Is z(o) a multiple of 2?
False
Suppose -2*a = -235 + 1063. Is 23 a factor of (a/12)/((-6)/8)?
True
Let m = 114 + -79. Suppose 3 = 2*d - m. Is d a multiple of 11?
False
Suppose -2*x + 4*d + 30 = 0, -3*x + 4*d = d - 45. Does 5 divide x?
True
Suppose 0 = -4*n + 302 - 78. Is 28 a factor of n?
True
Suppose q - 7 = 3*t, 5*t + 30 = -3*q + 93. Suppose -r + 13 + q = -3*a, 3*r + 2*a - 32 = 0. Does 9 divide r?
False
Let j(g) = -g**3 - 3*g**2 + 6*g - 4. Let n be ((-3)/6)/(1/10). Is j(n) a multiple of 8?
True
Suppose 4*y + 4 = 3*y. Is 2*14*y/(-16) a multiple of 7?
True
Let u(b) = -4*b - 1. Let q be u(-4). Suppose -3*l + q = 3*a, 4*l + a = 2*l + 9. Suppose -3*h + 19 = -2*r + l*r, -3*r = 3*h - 21. Is r even?
True
Let j(b) = 0*b - 5 + 2 + 2*b**2 - b - 2. Is j(4) a multiple of 11?
False
Let d(b) = 34*b**2 - 2*b. Does 6 divide d(-1)?
True
Suppose -5*z + 2 = -18, -5*i = 2*z - 183. Suppose -18 = 3*c - 144. Suppose 2*v + 2*d = c, 5*v = 5*d + 30 + i. Does 11 divide v?
False
Is 8 a factor of (0 + -32)/(-2 + 0)?
True
Let z = 8 + 11. Suppose -5*c - o + 395 = 0, 4*c - 5*o + z = 335. Suppose c = 4*h - 17. Is 12 a factor of h?
True
Suppose 12*u = 3043 - 931. Is u a multiple of 8?
True
Suppose -x - 11 = -0*x - 3*b, 5*x - 5 = 3*b. Suppose 0*n = -5*n. Let u = x + n. Is 4 a factor of u?
True
Let g = -61 + 229. Is g a multiple of 11?
False
Let x be ((-502)/(-6))/(11/33). Suppose 3*n = -17 + x. Is n a multiple of 26?
True
Suppose -304 + 48 = -4*b. Is 17 a factor of b?
False
Let o(i) be the second derivative of -i**4/12 - 7*i**3/6 - i**2/2 + 2*i. Let p be (-120)/10*(-1)/(-2). Does 5 divide o(p)?
True
Let n(z) be the second derivative of 5*z**3/6 + z. Is n(2) a multiple of 10?
True
Let k = -19 - 5. Does 10 divide (-3)/1 - -3 - k?
False
Let c be ((-2)/3)/((-10)/15). Does 12 divide (2/(-5))/(c/(-30))?
True
Suppose 0 = -l + 2*l + 2. Is 34/2 - (-2)/l a multiple of 6?
False
Let d(w) = 6*w**3 - w**2 + 3*w - 1. Is 4 a factor of d(1)?
False
Suppose 4*g - 2*q - 148 = -3*q, 0 = -2*q. Suppose v = 3*o - 23, 3*v + g = o + 4*o. Suppose 4*p - 2*t = 54, o*t = -4*p + 3*t + 33. Is 11 a factor of p?
False
Does 15 divide -2 - (-107)/5 - (-10)/(-25)?
False
Let x = 29 + -56. Suppose 0 = 3*w + 4 + 5. Let g = w - x. Does 8 divide g?
True
Let k(a) = 4*a - 5. Let b(z) = 5*z - 6. Let f(h) = 3*b(h) - 4*k(h). Let m be f(-5). Let w = m - 2. Is 3 a factor of w?
False
Suppose t + 3*v + v = 21, v - 4 = 0. Let l(h) = 3*h - 1. Let u be l(t). Suppose 2*g = 3*k - u, 2*k - g - 10 = -0*g. Does 5 divide k?
False
Suppose -4*t = -5*t + 2. Suppose -t*k + 9 = 3*x - 4*k, 5*x + 2*k - 31 = 0. Suppose x*d - 45 = 2*d. Does 5 divide d?
True
Let i be (46/2)/(1/1). Is ((3 + i)*-1)/(-2) a multiple of 9?
False
Let r(g) = -g**3 - g**2 - g - 4. Let v be r(0). Let w be (362/(-4))/(2/v). Suppose w = 4*z + 57. Is 12 a factor of z?
False
Let a be 6 + (-1 - 2) + -9. Let m be (-27)/(-18)*(-8)/a. Suppose m*o = 3*o - 3*j - 34, 2*j + 30 = o. Is o a multiple of 11?
True
Let s(b) = b - 5*b - 6 - 2*b + 4. Does 11 divide s(-4)?
True
Let t be 12/2 - 2*1. Suppose 2*f + 9 = h, -t*h - 22 + 3 = 3*f. Is 27 a factor of (-272)/f - (-8)/(-20)?
True
Let s be (-5 + 1)/(-3 + 1). Suppose -o = t - 24, 2*o + s*t = -3*t + 39. Is 9 a factor of o?
True
Let y(d) = 2*d**2 - 2*d - 6. Let p be y(6). Suppose g + 0*a - 21 = -3*a, -4*g + p = 2*a. Does 6 divide g?
True
Let p(h) = h**2 - 7*h - 39. Is 2 a factor of p(12)?
False
Let d be 68/6 - 6/(-9). Suppose -2*x + 4*j - 2 = -x, 3*x = 3*j + d. Does 4 divide x?
False
Let q(x) = 3*x**3 - 4*x**2 + x. Let h be q(3). Let i be h/10 + 4/20. Is 5 a factor of 64/5 + 1/i?
False
Let x(f) = f + 18. Does 4 divide x(14)?
True
Suppose 0 = -5*a + 5*n + 65, a + 0*n - 2*n = 15. Is 3 a factor of a?
False
Suppose 2088 = 11*d + d. Is 22 a factor of d?
False
Let m(t) = t - 6. Suppose -2*h + 6 + 8 = 0. Let f be m(h). Is 11 a factor of 356/16 - f/4?
True
Let g = -2 - -5. Suppose -3 = g*r - 27. Suppose -r*f - 3*u + 57 = -4*f, 0 = 4*f - 3*u - 87. Is f a multiple of 8?
False
Suppose -4*a + 243 = 3*v, 4*a + v - 238 = -v. Is a a multiple of 7?
False
Let a(w) = 19*w**2 + w + 2. Let f be a(2). Let y = 240 - f. Suppose 5*n + s = y, -5*s = 4*n - 29 - 78. Is 9 a factor of n?
False
Let x be 1/(-3) - 2/3. Is -42*((-1)/2 + x) a multiple of 24?
False
Suppose -w = -3*w + 6. Suppose -4*q = -q - w. Does 10 divide q/4 + (-156)/(-16)?
True
Suppose -5*x - 5*n + 460 = 0, -7*n - 469 = -5*x - 3*n. Is 15 a factor of x?
False
Let r = -58 - -34. Does 10 divide (-18)/r*(2 + 14)?
False
Suppose 0 = -d - 3*y + 4, 2*d + 5*y = d + 2. Suppose -3*a + 2*f + 2 = -11, 5*f - 2 = -4*a. Does 2 divide (-12)/(-18) + d/a?
False
Let w = -226 - -326. Is 25 a factor of w?
True
Let i = 6 + -1. Is i a multiple of 2?
False
Let k(y) = -11*y**2 - 23*y - 20. Let t(x) = -4*x**2 - 8*x - 7. Let u(p) = 3*k(p) - 8*t(p). Let h be u(-3). Is -1 + (h - 2) + 21 a multiple of 16?
False
Suppose 3*t - 3*g = 7*t - 14, -3*g = -4*t + 26. Suppose t*u - 49 = 2*p, -2*u + 6*u - 3*p - 42 = 0. Is 3 a factor of u?
True
Is 33 a factor of (0 - -2)/(6/99)?
True
Does 17 divide 3 - (1 - (-384)/(-4))?
False
Suppose 11*k - 42 = 8*k. Is k a multiple of 7?
True
Let z be ((-75)/3)/(1 + -2). Suppose -z = -s - 5. Suppose -52 = -4*f + s. Is f a multiple of 12?
False
Let n = 8 - 13. Let i(b) = -b**2 - 6*b - 1. Let y be i(n). Suppose -2*w - 3*u + 114 = 39, -4*u = y*w - 152. Is w a multiple of 13?
True
Suppose -2*d + 8 = -5*o - 25, 2*d - o - 21 = 0. Does 24 divide 2/(-9) + 650/d?
True
Let f be -2 + -6*(-3)/6. Does 3 divide 4*(3 - 2/f)?
False
Suppose -19 = -4*r + 3*m, 1 - 3 = 3*r + m. Does 10 divide -1 + ((-15)/(-1))/r?
False
Is 38 a factor of 448 + -3*(-3 - -2)?
False
Suppose 0 = 3*j - 6, 2*b + b + 3*j - 240 = 0. Is b a multiple of 26?
True
Let m be (-41)/5 - 5/(-25). Let v(j) = j**3 + 9*j**2 + 7*j - 4. Let x be v(m). Suppose 0 = x*u + 13 - 45. Is u a multiple of 4?
True
Let b be ((5*-1)/1)/(-1). Let m(k) = 15*k - 6. Let z be m(b). Let q = z - 47. Is q a multiple of 11?
True
Suppose 10*o = 5*o + 330. Is 20 a factor of o?
False
Suppose 0 = c + 2, 2*y + y = 5*c + 8464. Suppose -4*j + 454 = y. Is 17 a factor of (-4)/10 + j/(-15)?
False
Let a = -18 + 18. Let n(o) = o + 15. Does 8 divide n(a)?
False
Let o be (0 + 0 + -1)*-1. Let m(u) = 19*u - 1. Does 9 divide m(o)?
True
Let q = 6 - 3. Suppose -q*o + 89 = -37. Suppose 2*u = o + 4. Does 12 divide u?
False
Let r(b) = -b**2 + 2*b - 3. Let u be r(2). Let g be (2/(-3))/(u/9). Suppose -12 - 28 = -g*f. Does 10 divide f?
True
Let c(s) = -1. Let f = -5 + 7. Let d(w) = 2*w - 4. Let v(t) = f*d(t) + 2*c(t). Is 6 a factor of v(7)?
True
Let f(z) = -z**2 - 6*z + 3. Let r be f(-5). Let i = 19 - r. Is 7 a factor of i?
False
Let r(j) = j**3 + 7*j**2 - j - 8. Let x be r(-7). Let y = -4 + x. Let q = y - -20. Is q a multiple of 15?
True
Let n be 2/(3*4/618). Let a = n + -55. Is 18 a factor of a?
False
Let c be -1 + 6/(-3) + -2. Let y(z) = z**2 + 5*z - 5. Let h be y(c). Let x = h - -8. Is x a multiple of 2?
False
Let s = -72 + 115. Is s a multiple of 9?
False
Let n = -17 + 33. Is 4 a factor of n?
True
Let p(d) = -d**3 + 4*d**2 - d + 2. Let k be p(2). Suppose -4*n + 3*n = -k. Is n a multiple of 2?
True
Let q = -243 - -353. Is 29 a factor of q?
False
Let g(s) = -3*s**2 + 4*s - 2. Let a 